What is the ten thousands digit of d?
1
Let a(k) = 41*k + 21. Let i be a(-6). Suppose -2071 = -5*v + g, -v + 85 = 3*g - 342. Let m = v + i. What is the hundreds digit of m?
1
Let x(r) = 9*r**3 - r**2 + 7*r - 17. Let v(c) = -8*c**3 + c**2 - 7*c + 16. Let m(j) = 6*v(j) + 5*x(j). What is the units digit of m(-4)?
7
Suppose 496 = 87*r - 25*r. Suppose -4*w - 2*q + 8 = 0, -w - 20 = -5*w - 5*q. Suppose w = r*t - 562 - 46. What is the tens digit of t?
7
Let u(p) be the first derivative of p**4/4 + 2*p**3/3 + 3*p**2 - 37*p - 18. What is the units digit of u(4)?
3
Suppose -10*p + 160 = -5*p. Suppose 2*x = x + p. Let r = x - -47. What is the tens digit of r?
7
Suppose -4130 = 182*q - 189*q. Let c = q + 1015. What is the thousands digit of c?
1
Let x(h) = 2912*h + 3867. What is the hundreds digit of x(14)?
6
Let n(x) be the second derivative of x**4/12 + x**3/6 - 7*x**2/2 + 19*x - 3. What is the units digit of n(26)?
5
Suppose 89 = 7*t + 68. Let j = -71 + 124. Suppose -3*w = -5*h - 26, 0*h - t*h = -4*w + j. What is the tens digit of w?
1
Suppose 0 = 29*o + 170 - 489. Suppose -5*m + 70 = 2*n, -2*n + n - 5 = 0. Suppose m*a = o*a + 335. What is the units digit of a?
7
Let c be 870 + 14/((-10)/5). Let g = -638 + c. What is the units digit of g?
5
Let r = -5810 - -8529. What is the tens digit of r?
1
Let v = 24 + -16. Let t = 43 + -38. Suppose -64 = -2*u - 4*s, t*s = -u + v + 39. What is the tens digit of u?
2
Let t = 15849 - -506. What is the hundreds digit of t?
3
Let f = -539 + 8593. What is the units digit of f?
4
Let b(o) = -o**2 - 4*o + 1. Let d be b(-4). Let i be 3 - (1 - 85) - -1*d. Suppose s = -4, 4*j = -2*s + 64 + i. What is the tens digit of j?
4
Let c be 2/(-2) - (12702 - 4/(-4)). What is the hundreds digit of c/(-24)*(6/4)/1?
7
Suppose -5*r = -c + 35, 5*r + 0*c + 20 = -2*c. Let y(h) = 2*h**2 + 14*h + 21. What is the units digit of y(r)?
9
Let c = 829 - 617. What is the tens digit of 124497/c - (1/(-4))/(-1)?
8
Let t = 7973 + -2864. What is the hundreds digit of t?
1
Let t = -71 + 71. Suppose -4*u = -k - 6, -3*u - 4*k + t*k = -14. What is the tens digit of (-27)/(-9) + u + 59 + -2?
6
Let t = 565 - 564. What is the tens digit of -881*(t + 0)*(-5)/5?
8
Suppose 0*c - 50 = 2*c + 5*o, 0 = -2*c + 4*o - 50. Let g be 177/(8/(160/15)). Let m = g + c. What is the tens digit of m?
1
Let d = 2501 - 3836. Let b = -912 - d. What is the units digit of (b/6)/((-4)/(-8))?
1
Let r(m) = 341*m - 124. What is the hundreds digit of r(4)?
2
Let p(n) = 19*n + 22*n - 40*n + 15. Let x be p(6). Let s = 7 + x. What is the tens digit of s?
2
Let p(d) = -d**2 + 6*d. Let i be p(5). What is the units digit of (-15)/(-6)*(i + (-45)/25)?
8
Suppose 42*t = 45*t - 33. Suppose -t*n - 481 + 4925 = 0. What is the tens digit of n?
0
Let u be 6/(-2) - (-5 - 18). Let o = u - 29. What is the units digit of o/(-3) - (-567)/9?
6
Suppose 66*j + 960000 = 82*j. Suppose 42*f - j = 12*f. What is the tens digit of f?
0
Let v(x) = -4067*x + 132. What is the units digit of v(-11)?
9
Let n = -16049 - -32147. What is the hundreds digit of n?
0
Let w(d) = -2*d + 1664. Let u be w(0). What is the thousands digit of u + -9 - (-5 + -3)?
1
Let t be (-5*17)/(14/(-112)). Suppose -a - 130 = -p, a = 7*p - 12*p + t. What is the tens digit of p?
3
Suppose -29453 = -66*y + 907. What is the hundreds digit of y?
4
Suppose 9*r + 28 = 16*r. Suppose r*o = 915 + 253. What is the hundreds digit of o?
2
Suppose 0 = -29*s + 9878 + 214. Let x = 753 - s. What is the hundreds digit of x?
4
Let p(g) = 331*g**2 + 7*g + 17. Let u be p(-2). Suppose 0 = -3*k + 4*b + u, -12*b + 13*b - 1307 = -3*k. What is the tens digit of k?
3
Suppose -3*s - 4*t = -11, -t = 12*s - 13*s - 1. What is the units digit of (7 + s)/(3/84)?
4
Suppose -5*j + 2*n + 106596 = 0, -16*n = 5*j - 13*n - 106631. What is the tens digit of j?
2
Suppose 5*p + 5*z + 4 = -6, 3*z + 12 = -5*p. Let a be (16/12 - 1)*p. What is the units digit of (-595)/(-3) + a - (-10)/15?
8
Let v = -6187 - -13505. What is the hundreds digit of v?
3
Suppose -3*s + 5*z + 39307 = 0, 466*s + z = 462*s + 52371. What is the hundreds digit of s?
0
Suppose 2*k - 1278 = 4*p + p, 4*k - 3*p - 2528 = 0. Suppose -w + 368 + k = 2*v, -9 = 3*v. What is the tens digit of w?
0
Let l(t) = -3*t**2 + 25*t + 55. Let z(f) = -5*f**2 + 25*f + 57. Let n(o) = 3*l(o) - 2*z(o). What is the tens digit of n(-29)?
6
What is the tens digit of 0/1 - (-33496 - (-35 + 50))?
1
Suppose -2*j = -212 - 248. Let h(m) = 9*m**2 + 32*m + 40. Let v be h(-2). Let s = v + j. What is the tens digit of s?
4
Let b(g) = -106*g**2 + g + 2. Let a be b(2). Let l be (a/(-98))/((-2)/28). What is the units digit of 51/2*(-80)/l?
4
Let m(f) = -f**3 - f**2 + 12*f + 2. Let o be m(-4). Let x(r) = 3*r**3 + 15*r**2 + 23*r**2 - 26*r**2 - 7*r - o*r**3 - 24. What is the tens digit of x(-12)?
6
Suppose -38*t + 17*t + 31504 = -17*t. What is the units digit of t?
6
Let u = 391 + 12. Let p = u + -107. What is the hundreds digit of p?
2
Suppose 28 + 12 = 10*o. Suppose v = -4*y + 314, o*y - 168 = 3*v - 1142. What is the units digit of v?
2
Suppose 4 = -0*b + 2*b. Let w(r) = -27*r + r**3 + 5*r**2 - 21 + 9 - 22*r**b. What is the units digit of w(19)?
7
Let g = 31128 + -31100. What is the tens digit of g?
2
Suppose 3*b + t + 5 = 21, -3*t = -2*b + 7. Suppose -2*o + 2*v - 29 = -857, 0 = 4*o + b*v - 1629. What is the units digit of o?
1
What is the thousands digit of 7701 - 5/(-35)*-35?
7
Suppose -6*p + 9 = n - 5*p, p - 29 = -5*n. Suppose -n*l + 543 = 4*x + 9, 3*x - 414 = 3*l. What is the hundreds digit of x?
1
Let p = 102 + 59. Let d = 310 + p. What is the tens digit of d?
7
Let n = 11 - 3. Suppose n*d - 12 = 20. Suppose s = -5, -g - d*g = s. What is the units digit of g?
1
Let r(t) = 2*t**2 + 12*t + 4. Let d be r(-6). Suppose -d*j = -94 - 130. Suppose 0 = -h - 5*b - 2, -2*b - 3*b = -2*h + j. What is the tens digit of h?
1
Suppose -24*k - 14*k + 50 = -13*k. Suppose -4 = -4*c - 12. What is the hundreds digit of (-1004)/(c - k)*1?
2
Let g(l) = 4*l**2 + l + 95. Let c(w) = -2*w**3 - 31*w**2 - 14*w + 6. Let j be c(-15). What is the units digit of g(j)?
0
Suppose -53*i = -50*i - 1953. Suppose -14*h + i + 525 = 0. What is the tens digit of h?
8
Suppose -j + 83432 = 6*j + 13852. What is the hundreds digit of j?
9
Suppose -8*w = -0*w + 48. Let s(m) = 14*m**2 + 47*m + 16. What is the units digit of s(w)?
8
Let o be (-1)/1*-10*(-1)/(-2). Suppose o*h - 5*q - 295 = 3*h, -4*h - 2*q = -626. What is the tens digit of h?
5
What is the units digit of (3/(3/(-2)))/(55/(10746120/(-48)))?
1
Let f(y) = y**2 - 8*y + 24. Let m(u) = 2*u - 3*u + 11*u - 4 - 3. Let r be m(2). What is the units digit of f(r)?
9
Let d(s) = s + 11. Let u be d(-4). Suppose u*k - 44 = -4*k. What is the units digit of k/(-1)*(-27)/(-24)*-22?
9
Suppose -5*y = 2*y - 11760. Suppose 0 = 3*w + 15, w - y = 5*u - 465. What is the units digit of u/(-36) - (-2)/9?
7
Let k be -28*44/(-231) + 2/(-6). What is the units digit of k - (-3 + 0)/(1/78)?
9
Suppose -5*i = 30, -8*h - 19214 = -12*h - i. What is the thousands digit of h?
4
Suppose 13*m - 2*m - 22 = 0. Suppose m*j - 415 + 31 = 0. What is the tens digit of j?
9
Let t be (-27)/(1 + 75/(-72)). Let o be (15/12)/(40/128). Suppose -5*z - 2*v = -0*z - 1080, -3*z + t = o*v. What is the units digit of z?
6
Suppose 0*j + 16 = 2*j - 2*y, 0 = j + 5*y - 32. Let s be (-27)/j + 2 + (-2009)/28. Let a = s + 134. What is the units digit of a?
2
Let c = -1872 + 2689. Suppose 3*d - c - 80 = 0. What is the hundreds digit of d?
2
Suppose -2*m = -6*m + 192. Let n = 57 + -20. Let c = m + n. What is the units digit of c?
5
Let j = -8 + 30. Let p(g) = -28*g - 27*g - 41*g + j*g. What is the tens digit of p(-1)?
7
What is the thousands digit of 11381 - 23/(138/(-36))?
1
Suppose -100*l + 8*l = 53*l - 2151220. What is the tens digit of l?
3
Let b = 19 + -8. Let m = -110 - -109. What is the tens digit of (9 - b) + 24 + m?
2
Let p(b) = 162*b**2 - 2*b + 2. Let q be p(-2). Let h = q + -319. What is the hundreds digit of h?
3
Suppose 3*z - 2*b = 2468 + 6613, -4*z = -5*b - 12094. What is the thousands digit of z?
3
Let h be 3 + (-45)/(-5) + -3. Suppose 29 = -5*z + h. What is the tens digit of (-435)/(-6) - 6/z?
7
Let i(r) = 9 - 16 + 13 + 16*r + 6. What is the units digit of i(9)?
6
Let i(c) = -22*c**3 +